09 is divided by 1754835?
139
What is the remainder when 9135600 is divided by 45678?
0
Calculate the remainder when 25562240 is divided by 317.
311
What is the remainder when 475551 is divided by 37?
27
What is the remainder when 3540152 is divided by 2392?
2384
Calculate the remainder when 443173 is divided by 9855.
9553
Calculate the remainder when 23868059 is divided by 29.
15
What is the remainder when 1022655 is divided by 1951?
331
What is the remainder when 486826247 is divided by 250?
247
What is the remainder when 8528025 is divided by 2030?
2025
Calculate the remainder when 489929 is divided by 1256.
89
What is the remainder when 13878479 is divided by 560?
559
Calculate the remainder when 82016115 is divided by 41008052.
11
What is the remainder when 3175448 is divided by 36?
32
Calculate the remainder when 1474164 is divided by 32759.
9
Calculate the remainder when 1552500 is divided by 828.
0
Calculate the remainder when 15161675 is divided by 19.
17
Calculate the remainder when 422945 is divided by 140625.
1070
Calculate the remainder when 407926 is divided by 21.
1
Calculate the remainder when 4577495 is divided by 77.
76
What is the remainder when 20889385 is divided by 131?
125
What is the remainder when 4266561 is divided by 10063?
9912
Calculate the remainder when 6240145 is divided by 75.
70
Calculate the remainder when 288293 is divided by 64.
37
Calculate the remainder when 8928851 is divided by 1275549.
8
What is the remainder when 221143 is divided by 1783?
51
What is the remainder when 138574 is divided by 1745?
719
Calculate the remainder when 77390 is divided by 3092.
90
Calculate the remainder when 34603 is divided by 4945.
4933
Calculate the remainder when 41999090 is divided by 85.
80
What is the remainder when 153745033 is divided by 1363?
1359
What is the remainder when 14583794 is divided by 504?
50
Calculate the remainder when 2329976 is divided by 582477.
68
Calculate the remainder when 1362047 is divided by 846.
833
Calculate the remainder when 14648 is divided by 4084.
2396
Calculate the remainder when 12452452 is divided by 313.
60
What is the remainder when 1650452 is divided by 1650426?
26
What is the remainder when 8340871 is divided by 6809?
6655
What is the remainder when 147157 is divided by 13?
10
Calculate the remainder when 397398 is divided by 22071.
120
What is the remainder when 65377808 is divided by 441?
440
What is the remainder when 127228 is divided by 14101?
319
Calculate the remainder when 31294 is divided by 943.
175
Calculate the remainder when 212138 is divided by 2452.
1266
What is the remainder when 116085476 is divided by 116085456?
20
Calculate the remainder when 806409 is divided by 554.
339
Calculate the remainder when 3084271 is divided by 134098.
17
What is the remainder when 298719413 is divided by 21?
20
What is the remainder when 2809579 is divided by 702370?
99
Calculate the remainder when 256889 is divided by 367.
356
What is the remainder when 1294604 is divided by 258901?
99
What is the remainder when 111318641 is divided by 11538?
17
What is the remainder when 1931076 is divided by 128736?
36
Calculate the remainder when 24191621 is divided by 32.
5
What is the remainder when 4410657 is divided by 2774?
2771
Calculate the remainder when 88936 is divided by 437.
225
Calculate the remainder when 29339012 is divided by 33.
32
What is the remainder when 956872 is divided by 804?
112
What is the remainder when 861706 is divided by 1077?
106
Calculate the remainder when 5787995 is divided by 340469.
22
What is the remainder when 479148075 is divided by 22?
21
What is the remainder when 5146253 is divided by 711?
35
What is the remainder when 6808505 is divided by 4274?
23
What is the remainder when 46656 is divided by 11521?
572
Calculate the remainder when 17393 is divided by 2304.
1265
What is the remainder when 41891 is divided by 13611?
1058
What is the remainder when 17535920 is divided by 515762?
12
Calculate the remainder when 542285 is divided by 27113.
25
Calculate the remainder when 45421 is divided by 3600.
2221
Calculate the remainder when 1992713 is divided by 1624.
65
Calculate the remainder when 139111 is divided by 192.
103
Calculate the remainder when 383191 is divided by 919.
887
What is the remainder when 476184 is divided by 2886?
2880
Calculate the remainder when 3140685 is divided by 54144.
333
What is the remainder when 418356 is divided by 104010?
2316
What is the remainder when 33749699 is divided by 19?
18
What is the remainder when 83719 is divided by 2263?
2251
What is the remainder when 882504 is divided by 871?
181
What is the remainder when 2205456 is divided by 1187?
10
Calculate the remainder when 14496 is divided by 3407.
868
Calculate the remainder when 56113384 is divided by 153.
22
Calculate the remainder when 1142497 is divided by 739.
3
Calculate the remainder when 48466 is divided by 616.
418
Calculate the remainder when 16665110 is divided by 261.
260
What is the remainder when 13265672 is divided by 389?
383
Calculate the remainder when 366258 is divided by 4256.
242
Calculate the remainder when 376309301 is divided by 915.
911
Calculate the remainder when 110634 is divided by 27657.
6
Calculate the remainder when 44120428 is divided by 1233.
1222
What is the remainder when 817232 is divided by 8182?
7214
What is the remainder when 3298101 is divided by 47?
17
What is the remainder when 30115064 is divided by 40?
24
What is the remainder when 50293 is divided by 14587?
6532
What is the remainder when 77023 is divided by 24985?
2068
Calculate the remainder when 503345 is divided by 262.
43
What is the remainder when 8969538 is divided by 4484763?
12
Calculate the remainder when 102613 is divided by 195.
43
Calculate the remainder when 197148 is divided by 155.
143
Calculate the remainder when 666410 is divided by 400.
10
Calculate the remainder when 119372675 is divided by 3931.
3929
Calculate the remainder when 289119 is divided by 509.
7
Calculate the remainder when 57638 is divided by 3810.
488
What is the remainder when 1149759 is divided by 141?
45
Calculate the remainder when 2515131 is divided by 1870.
1851
What is the remainder when 3229752 is divided by 9416?
64
Calculate the remainder when 8428 is divided by 2525.
853
Calculate the remainder when 594831 is divided by 41.
3
Calculate the remainder when 69606 is divided by 177.
45
Calculate the remainder when 258007 is divided by 3955.
932
Calculate the remainder when 5905 is divided by 539.
515
Calculate the remainder when 4185733 is divided by 74744.
69
Calculate the remainder when 246070 is divided by 49035.
895
Calculate the remainder when 17686 is divided by 6186.
5314
What is the remainder when 50737896 is divided by 2273?
2263
What is the remainder when 1116300 is divided by 25958?
106
Calculate the remainder when 807 is divided by 265.
12
What is the remainder when 1288073 is divided by 2035?
1953
Calculate the remainder when 1156834 is divided by 618.
556
What is the remainder when 186729 is divided by 93318?
93
Calculate the remainder when 19047421 is divided by 1691.
1688
Calculate the remainder when 787212 is divided by 2400.
12
Calculate the remainder when 12547294 is divided by 16.
14
Calculate the remainder when 56296949 is divided by 4330533.
20
Calculate the remainder when 131745 is divided by 969.
930
What is the remainder when 18566 is divided by 1875?
1691
Calculate the remainder when 210640401 is divided by 296.
289
Calculate the remainder when 1080315 is divided by 132.
27
Calculate the remainder when 13903059 is divided by 13903059.
0
What is the remainder when 3727154 is divided by 16347?
38
What is the remainder when 1554668 is divided by 11689?
31
Calculate the remainder when 2106838 is divided by 11903.
7
Calculate the remainder when 626427 is divided by 208801.
24
What is the remainder when 7530465 is divided by 326?
191
Calculate the remainder when 67139018 is divided by 284.
282
Calculate the remainder when 92514342 is divided by 2360.
2342
Calculate the remainder when 114792816 is divided by 1766043.
21
What is the remainder when 4244583 is divided by 889?
497
What is the remainder when 831756 is divided by 21880?
316
What is the remainder 